2
Suppose -3*g + 42 = 9. What is the remainder when g is divided by 7?
4
Let n(h) = -h + 10. Let k(u) = u. Let c(o) = 6*k(o) - n(o). What is the remainder when c(7) is divided by 21?
18
Suppose 0 = -f - 2*f + 87. Calculate the remainder when f is divided by (26/(-4) + -1)*(-28)/21.
9
Let g(h) = -h**3 - 9*h**2 - 11*h + 2. Let z be g(-8). Suppose -n + 2*n = z. Let l = -17 + n. Calculate the remainder when l is divided by 6.
3
Let w = -22 - -42. Let s(i) = i**3 - i**2 - i + 1. Let a be s(2). Suppose a = -b, -3*z - 51 + 171 = -b. Calculate the remainder when z is divided by w.
19
Suppose 5*s = 0, 5*l - 4*s = 335 - 0. Let k = -2 + 19. Calculate the remainder when l is divided by k.
16
Let q(c) = 4*c**2 + 2*c + 1. Let x = -7 - -15. Suppose x - 53 = -3*p. What is the remainder when q(3) is divided by p?
13
What is the remainder when (-3*7)/((-2)/2) is divided by (-22)/(-99) - 140/(-18)?
5
Let y(o) = 0*o + 5*o - 2 - o**2 - 2*o + 5*o. Calculate the remainder when 19 is divided by y(6).
9
Let y = 34 - -98. Suppose 0 = -2*m - 2*m + y. What is the remainder when m is divided by 18?
15
Let i(k) = 2*k**2 - 2. Suppose 0 = -2*w + 3*t - 22 - 4, 0 = 2*w - 2*t + 22. What is the remainder when i(-3) is divided by (1 + w)/(-3 - -2)?
4
Suppose -5*u = 4*i - 79, -u = -0*i - 2*i + 57. Let x = 32 + -23. What is the remainder when i is divided by x?
8
Suppose -25 - 26 = -a. Let d(x) = -x**3 - 8*x**2 - 6*x + 9. Let v be d(-7). Suppose -v*w = 4 - 30. Calculate the remainder when a is divided by w.
12
Let c(o) = 3*o - 3. Suppose 3 = -4*d - 5. Let v = 1 - d. Calculate the remainder when c(4) is divided by v.
0
Suppose 3*r = 2*w - 27, w + 5*r = -9 - 10. Let v = 9 - w. Suppose -6 = -v*q + 24. What is the remainder when 19 is divided by q?
9
Suppose -3*k = -5*k + 18. Suppose p + 25 = 2*p. What is the remainder when p is divided by k?
7
What is the remainder when 142 is divided by -1 + (5 - 0) - 125/(-5)?
26
Let z(o) = -o**2 + 11*o + 2. Let r(m) = 2*m**2 + 5*m + 4. Calculate the remainder when z(7) is divided by r(-4).
14
Calculate the remainder when 1/(3 - 8) + 192/10 is divided by 7.
5
Let c be (3 + (19 - -1))*-2. Calculate the remainder when (2 + -2 - c)*1 is divided by 16.
14
Suppose 0*b + 2*b + m - 33 = 0, 0 = 3*b + m - 48. What is the remainder when 87 is divided by b?
12
Let c(q) = -1 + 10*q**2 - 4*q**2 - 2*q + 6*q. Let i = 4 - 7. Calculate the remainder when c(i) is divided by 14.
13
Suppose -x = 5*y - 70, -31 + 10 = -2*y + x. Let b(d) = 4*d - 1. What is the remainder when y is divided by b(2)?
6
Let k(g) = 1 - 4*g + 5 + g. What is the remainder when k(-8) is divided by 1*(-1 + -3) - -12?
6
Suppose -2*o + 150 = 4*w, -3*o - o = 3*w - 125. What is the remainder when w is divided by 12?
11
Suppose 2*n - 5*q - 30 = 0, -3*n + 8 = -q - 11. Let i = 15 - 23. Let o = -5 - i. Calculate the remainder when n is divided by o.
2
Suppose -3*d = -n + 7, -4 + 1 = -3*d + 3*n. Let m = -2 - d. Suppose 2*x = -q + 12, -m*x - 13 + 3 = 0. What is the remainder when q is divided by 8?
6
Suppose -51 = -5*d + 189. Calculate the remainder when d is divided by 26.
22
Suppose -12 = -v + 3. What is the remainder when v is divided by 4?
3
Suppose -5*y - 11 = 2*z, -4*y - 5 + 1 = 4*z. Suppose z*v + 4 - 20 = 0. Calculate the remainder when 31 is divided by (-12)/v*66/(-9).
9
Suppose -141 - 56 = -5*f - 4*q, -3*f = 2*q - 119. What is the remainder when f is divided by 15?
11
Let f be (-1 + 1)*2/4. Let m(s) = s**2 - 9. Let y be m(f). Calculate the remainder when 35 is divided by (-24)/2*y/6.
17
Suppose -96 = -3*i - i. Suppose m + 3*m - i = 0. Calculate the remainder when m is divided by 4.
2
What is the remainder when 2/(-9) - (6 - 416/9) is divided by 4?
0
Suppose -52 = -4*w + 3*w. What is the remainder when w is divided by 11?
8
Suppose -4*l + 16 = -0*j + 4*j, -4*j - 29 = -5*l. Suppose 43 = 2*y - l*o, -2*y - 2*y + 3*o = -51. Calculate the remainder when 17 is divided by y.
8
Let d be (-2*15/(-2))/1. Let s = d + 11. Suppose 0*u + u = 5*q + 39, 4*u = 5*q + 81. Calculate the remainder when s is divided by u.
12
Let l = 103 - 72. Suppose 2*p - v + 2*v - 33 = 0, -5*p = -5*v - 75. Calculate the remainder when l is divided by p.
15
Let f = 133 - 84. Calculate the remainder when f is divided by 13.
10
Let s(r) = r**3 + 7*r**2 - r - 4. Let g(p) = -p + 1. Calculate the remainder when g(-4) is divided by s(-7).
2
Calculate the remainder when 16 is divided by (0 - 36/8)*-2.
7
Let w(u) be the third derivative of u**4/24 + 5*u**3/3 + u**2. What is the remainder when 3 is divided by w(-7)?
0
Suppose -2*t + 6*t - 80 = 0. Let y = 39 - 0. What is the remainder when y is divided by t?
19
Suppose 3*b = t - 18 - 27, 0 = -3*b + 2*t - 48. Let j be (2 - 11)/((-18)/(-12)). What is the remainder when 25 is divided by b*((-9)/j)/(-3)?
4
Let q(x) = 2*x**2 + 4*x + 3. Let i be q(-2). Suppose -i*j + 0*j = -36. What is the remainder when 33 is divided by j?
9
Let u(b) = 21*b**3 - 2*b + 1. Let m be u(1). Suppose -3*o = o - m. Let s(w) = w**2 - 3*w. What is the remainder when s(-3) is divided by o?
3
Let c be ((-8)/10)/((-2)/5). Let q be 4/(-3)*6/(-4). Suppose -4*z + 46 = f, q*f + c*f + 3 = z. What is the remainder when 32 is divided by z?
10
Let z(f) = -8*f**3 + f**2 - 2. Let h be z(2). Let a = 49 + -33. What is the remainder when -3*-1*h/(-6) is divided by a?
15
Calculate the remainder when 21 is divided by 6/(-6) + (-30)/(-3) + -1.
5
Suppose -2*q = -4*q - 4*w + 24, -6 = 2*w. Calculate the remainder when 33 is divided by q.
15
Let p(j) = -j**3 + 4*j**2 + 4*j + 4. What is the remainder when 59 is divided by p(4)?
19
Let z = 83 - 56. Calculate the remainder when z is divided by 7.
6
Suppose -5*l + 8 = -3*l. Let a(j) = 2*j**2 - 4*j + 4. Calculate the remainder when a(2) is divided by l.
0
Suppose y - 133 = 3*a, 3*y + a = y + 259. What is the remainder when y is divided by 11?
9
Let n = -21 - -41. Suppose 4*f - 60 = -0*f. Calculate the remainder when 8/n - (-426)/10 is divided by f.
13
Suppose -3*i = 6, 4*g - 34 = -2*i - 10. Calculate the remainder when 33 is divided by g.
5
Suppose 2*j + 3*p - 293 = -3*j, j = -2*p + 60. Calculate the remainder when j is divided by 5.
3
Suppose 0 = -5*j - 78 + 268. Calculate the remainder when j is divided by 13.
12
Suppose -9*j + 9 = -12*j. What is the remainder when 56 is divided by 170/10 - (1 + j)?
18
What is the remainder when 62 is divided by 7/1*(5 + (-32)/8)?
6
Let v = 3 - 3. Suppose r - 3 = 2, -3*k - 3*r + 114 = v. Calculate the remainder when k is divided by 17.
16
Calculate the remainder when 14 is divided by 16/(-3)*(-5 - (-21)/6).
6
Let d be 36/(-8) + (-1)/(-2). Let w = d - -8. What is the remainder when 15 is divided by w?
3
Let o(i) = -i**2 - 4*i - 4. Let w be o(-3). What is the remainder when 2 is divided by -4*w*3/6?
0
Let a = 6 + -8. What is the remainder when a/1*10/(-4) is divided by 2?
1
Suppose -17*s - 275 = -28*s. Let g = 56 - 7. Calculate the remainder when g is divided by s.
24
Suppose 2*h - 4*o - 26 = 154, -3*h + 4*o = -260. Calculate the remainder when h is divided by 41.
39
Let b(u) = u**2 - 5*u + 3. Let w be b(4). Let l = 499 - 305. What is the remainder when l/6 - w/(-3) is divided by 11?
10
Let y be 3 - 1 - (-4 - 2). Let c be -20 + -2 + y/2. What is the remainder when 5 is divided by (-12)/c*18/4?
2
Let k = -24 - -29. Calculate the remainder when 7 is divided by k.
2
Let k = 189 + -17. What is the remainder when k is divided by 35?
32
What is the remainder when ((-186)/3 - -3)*-1 is divided by 20?
19
Let r(t) = 4*t + 2. Let n be 3 - (15*-3 - -3). Calculate the remainder when 2/(-5) - (-1143)/n is divided by r(3).
11
What is the remainder when -1 - (-3)/((-9)/(-42)) is divided by 6?
1
Suppose -4*m - 2 = -3*g + 49, -4*g + 37 = 5*m. What is the remainder when 24 is divided by g?
11
Suppose 0 = 2*h + 2*o + 20, -4*h - o = 11 + 14. Let u(m) = m**3 + 4*m**2 - 6*m. Calculate the remainder when 17 is divided by u(h).
2
Suppose 2*d = -4*i + 62, 4*d - i - 177 = -53. What is the remainder when d is divided by 8?
7
Let y(f) be the second derivative of -f**5/20 + f**4/2 + f**3/3 - 7*f**2/2 + 3*f. Suppose 3*q = 30 + 15. What is the remainder when y(5) is divided by q?
13
Suppose 2*k - 40 = -3*y, -6*y + 6 = k - y. Suppose t - 4*t + 12 = 0. Suppose 2*d - 33 = -3*x, t*d = -d - x + 50. Calc